{"id":41,"date":"2016-02-15T13:07:37","date_gmt":"2016-02-15T12:07:37","guid":{"rendered":"http:\/\/wordpress.p344872.mittwaldserver.info\/?page_id=41"},"modified":"2016-09-19T15:03:46","modified_gmt":"2016-09-19T13:03:46","slug":"impressum","status":"publish","type":"page","link":"https:\/\/www.vvi-immobilien.eu\/?page_id=41","title":{"rendered":"Impressum"},"content":{"rendered":"<h3>VVI Vermietung, Verwaltung und Immobilienservice\u00a0GmbH<\/h3>\n<p>Camillo-Irmscher-Str. 2<br \/>\nD-06132\u00a0Halle (Saale)<\/p>\n<p>Tel. +49(0)345\u00a07777-202<br \/>\nFax +49(0)345\u00a07704-869<\/p>\n<p><a title=\"Kontakt KSA Media GmbH\" href=\"mailto:info@vvi-immobilien.eu\">info(at)vvi-immobilien.eu<\/a><\/p>\n<h3>Firmensitz:<\/h3>\n<p>Camillo-Irmscher-Str. 2<br \/>\n06132 Halle (Saale)<\/p>\n<p>Amtsgericht Stendal HRB 212618<br \/>\nSitz der Gesellschaft: Halle (Saale)<br \/>\nGesch\u00e4ftsf\u00fchrer: Roland Schimek<br \/>\nSteuer-Nr.: 110\/106\/04429<\/p>\n<h3>Haftungshinweis<\/h3>\n<p class=\"bodytext\">Trotz sorgf\u00e4ltiger inhaltlicher Kontrolle \u00fcbernehmen wir keine Haftung f\u00fcr die Inhalte externer Links. F\u00fcr den Inhalt der verlinkten Seiten sind ausschlie\u00dflich deren Betreiber verantwortlich.<\/p>\n","protected":false},"excerpt":{"rendered":"<p>VVI Vermietung, Verwaltung und Immobilienservice\u00a0GmbH Camillo-Irmscher-Str. 2 D-06132\u00a0Halle (Saale) Tel. +49(0)345\u00a07777-202 Fax +49(0)345\u00a07704-869 info(at)vvi-immobilien.eu Firmensitz: Camillo-Irmscher-Str. 2 06132 Halle (Saale) Amtsgericht Stendal HRB 212618 Sitz der Gesellschaft: Halle (Saale) Gesch\u00e4ftsf\u00fchrer: Roland Schimek Steuer-Nr.: 110\/106\/04429 Haftungshinweis Trotz sorgf\u00e4ltiger inhaltlicher Kontrolle \u00fcbernehmen wir keine Haftung f\u00fcr die Inhalte externer Links. F\u00fcr den Inhalt der verlinkten Seiten sind &hellip; <a href=\"https:\/\/www.vvi-immobilien.eu\/?page_id=41\" class=\"more-link\"><span class=\"screen-reader-text\">&#8222;Impressum&#8220; <\/span>weiterlesen<\/a><\/p>\n","protected":false},"author":1,"featured_media":0,"parent":0,"menu_order":0,"comment_status":"closed","ping_status":"closed","template":"","meta":{"footnotes":""},"class_list":["post-41","page","type-page","status-publish","hentry"],"_links":{"self":[{"href":"https:\/\/www.vvi-immobilien.eu\/index.php?rest_route=\/wp\/v2\/pages\/41"}],"collection":[{"href":"https:\/\/www.vvi-immobilien.eu\/index.php?rest_route=\/wp\/v2\/pages"}],"about":[{"href":"https:\/\/www.vvi-immobilien.eu\/index.php?rest_route=\/wp\/v2\/types\/page"}],"author":[{"embeddable":true,"href":"https:\/\/www.vvi-immobilien.eu\/index.php?rest_route=\/wp\/v2\/users\/1"}],"replies":[{"embeddable":true,"href":"https:\/\/www.vvi-immobilien.eu\/index.php?rest_route=%2Fwp%2Fv2%2Fcomments&post=41"}],"version-history":[{"count":9,"href":"https:\/\/www.vvi-immobilien.eu\/index.php?rest_route=\/wp\/v2\/pages\/41\/revisions"}],"predecessor-version":[{"id":218,"href":"https:\/\/www.vvi-immobilien.eu\/index.php?rest_route=\/wp\/v2\/pages\/41\/revisions\/218"}],"wp:attachment":[{"href":"https:\/\/www.vvi-immobilien.eu\/index.php?rest_route=%2Fwp%2Fv2%2Fmedia&parent=41"}],"curies":[{"name":"wp","href":"https:\/\/api.w.org\/{rel}","templated":true}]}}